mon factor of 7182 and 182.
14
What is the highest common factor of 996 and 60507?
249
What is the greatest common factor of 80 and 239320?
40
What is the greatest common divisor of 602314 and 2318?
122
What is the greatest common factor of 992 and 25488?
16
Calculate the greatest common divisor of 34472 and 2728.
248
What is the highest common divisor of 504 and 91560?
168
What is the greatest common divisor of 1283424 and 12?
12
What is the highest common factor of 854 and 62?
2
What is the greatest common factor of 532 and 95494?
266
Calculate the greatest common divisor of 198040 and 160.
40
Calculate the highest common factor of 60 and 9820.
20
Calculate the greatest common factor of 150892 and 17612.
476
What is the greatest common divisor of 74 and 195989?
37
What is the highest common factor of 2445 and 1590?
15
Calculate the greatest common factor of 440127 and 81.
27
Calculate the greatest common divisor of 4367 and 67093.
397
What is the greatest common factor of 50 and 760?
10
What is the highest common divisor of 4471 and 1071?
17
Calculate the greatest common factor of 116441 and 53.
53
What is the highest common factor of 236 and 23?
1
Calculate the highest common divisor of 288171 and 26.
13
What is the highest common factor of 28504 and 224?
56
Calculate the greatest common factor of 364 and 2464.
28
Calculate the highest common factor of 21 and 4647.
3
What is the highest common factor of 3036 and 1045212?
276
Calculate the greatest common factor of 534 and 278214.
534
Calculate the highest common divisor of 1085 and 84413.
217
What is the highest common divisor of 71 and 779509?
71
Calculate the greatest common factor of 16 and 59032.
8
What is the greatest common divisor of 38710 and 1715?
245
Calculate the highest common factor of 62977 and 1633.
71
What is the greatest common divisor of 8569 and 407?
11
Calculate the highest common factor of 211 and 17513.
211
Calculate the greatest common factor of 44478 and 252.
126
Calculate the greatest common divisor of 385 and 56273.
7
What is the highest common divisor of 276562 and 286?
286
Calculate the highest common divisor of 960 and 66560.
320
Calculate the highest common divisor of 3294 and 508496.
122
What is the greatest common factor of 125431 and 172?
43
Calculate the greatest common factor of 17 and 1050821.
17
What is the highest common factor of 384843 and 489?
489
What is the highest common factor of 199384 and 40?
8
What is the highest common divisor of 8190 and 208?
26
What is the greatest common factor of 5 and 1814335?
5
Calculate the greatest common divisor of 10131 and 385899.
921
What is the highest common divisor of 260 and 308815?
65
Calculate the highest common factor of 57 and 18107.
19
Calculate the highest common divisor of 68 and 12444.
68
Calculate the greatest common factor of 1599 and 12423.
123
What is the greatest common divisor of 7221 and 9135?
87
Calculate the highest common divisor of 30 and 163230.
30
What is the highest common divisor of 209139 and 5313?
483
What is the highest common factor of 1998 and 5616?
54
Calculate the greatest common factor of 15 and 117255.
15
Calculate the greatest common divisor of 882 and 696906.
126
Calculate the greatest common divisor of 65696 and 1056.
32
Calculate the highest common divisor of 3401 and 817.
19
Calculate the greatest common factor of 7371 and 3328.
13
Calculate the highest common divisor of 56 and 33576.
8
Calculate the highest common divisor of 97109 and 2690.
269
Calculate the greatest common factor of 3024 and 7280.
112
What is the highest common factor of 3681 and 459?
9
Calculate the greatest common divisor of 25902 and 666.
18
What is the greatest common divisor of 2110 and 270?
10
What is the highest common divisor of 752 and 327308?
188
Calculate the greatest common divisor of 536 and 1263352.
536
Calculate the highest common factor of 5605 and 475.
95
Calculate the greatest common divisor of 2045 and 4499.
409
What is the greatest common factor of 87472 and 4592?
112
Calculate the highest common factor of 6040 and 453.
151
Calculate the highest common divisor of 28770 and 150.
30
What is the highest common factor of 20 and 178140?
20
Calculate the highest common factor of 5631876 and 81.
27
Calculate the highest common divisor of 1940 and 880.
20
Calculate the greatest common divisor of 234 and 502047.
117
Calculate the highest common factor of 33009 and 6.
3
What is the highest common divisor of 1313522 and 1428?
238
What is the greatest common divisor of 139 and 127741?
139
Calculate the highest common factor of 48 and 51952.
16
Calculate the greatest common factor of 4 and 7270.
2
What is the greatest common divisor of 416 and 40677?
13
What is the highest common factor of 24182 and 1130?
226
What is the greatest common divisor of 2989549 and 61?
61
What is the greatest common divisor of 488 and 37393?
61
Calculate the greatest common divisor of 1101576 and 474.
474
Calculate the greatest common divisor of 20 and 4350260.
20
Calculate the greatest common divisor of 34884 and 2074.
34
Calculate the highest common factor of 8613 and 825.
33
Calculate the highest common divisor of 110 and 31250.
10
Calculate the greatest common factor of 3852 and 33170.
214
Calculate the highest common divisor of 19 and 204041.
19
Calculate the greatest common divisor of 33 and 9075.
33
What is the highest common factor of 15 and 6500?
5
What is the highest common divisor of 38555 and 660?
55
Calculate the highest common factor of 137291 and 77.
77
Calculate the greatest common factor of 234649 and 1018.
509
Calculate the greatest common factor of 5108590 and 370.
370
What is the greatest common divisor of 648 and 10206?
162
What is the highest common factor of 459 and 308040?
51
Calculate the highest common divisor of 585 and 325845.
585
Calculate the greatest common factor of 30537 and 145.
29
Calculate the highest common divisor of 48 and 16248.
24
What is the highest common factor of 158956 and 476?
28
Calculate the greatest common factor of 403390 and 464.
58
What is the greatest common factor of 930 and 368125?
155
What is the highest common divisor of 396216 and 32?
8
What is the highest common divisor of 8796 and 3744?
12
Calculate the greatest common factor of 1980 and 198825.
165
Calculate the greatest common factor of 4955 and 6914207.
991
Calculate the greatest common divisor of 14338 and 214.
214
What is the highest common divisor of 154 and 65714?
22
Calculate the greatest common factor of 2 and 90511.
1
What is the highest common factor of 162974 and 196?
98
Calculate the highest common divisor of 6481 and 5.
1
Calculate the highest common divisor of 1008 and 112028.
28
What is the greatest common factor of 630652 and 484?
484
What is the highest common divisor of 211350 and 240?
30
What is the greatest common divisor of 1634 and 95030?
86
What is the highest common factor of 325859 and 111?
37
What is the greatest common factor of 200 and 56575?
25
What is the highest common factor of 772 and 44?
4
Calculate the highest common factor of 1085 and 30535.
155
What is the greatest common divisor of 711278 and 142?
142
Calculate the greatest common factor of 8 and 4027.
1
What is the highest common divisor of 178528 and 112?
112
Calculate the highest common factor of 142 and 258653.
71
Calculate the greatest common divisor of 404340 and 48.
12
What is the greatest common factor of 944 and 2928?
16
Calculate the greatest common divisor of 3445650 and 513.
171
What is the highest common factor of 14 and 34950566?
14
Calculate the greatest common divisor of 476 and 18836.
68
Calculate the highest common factor of 29724 and 36.
12
Calculate the highest common factor of 3591 and 112.
7
What is the highest common factor of 2712 and 264?
24
What is the greatest common factor of 1476 and 288?
36
Calculate the greatest common factor of 608 and 31996.
76
Calculate the greatest common divisor of 60039 and 23825.
953
What is the highest common divisor of 27 and 6039?
9
Calculate the greatest common divisor of 3304989 and 218.
109
What is the highest common factor of 23216 and 512?
16
Calculate the highest common factor of 1344 and 41088.
192
What is the greatest common divisor of 67578 and 9?
3
Wh